61 is divided by 14?
7
What is the remainder when 114 is divided by 63?
51
Calculate the remainder when 9 is divided by 4.
1
Calculate the remainder when 133 is divided by 9.
7
What is the remainder when 12 is divided by 5?
2
Calculate the remainder when 1142 is divided by 4.
2
Calculate the remainder when 266 is divided by 67.
65
What is the remainder when 3608 is divided by 31?
12
Calculate the remainder when 1074 is divided by 133.
10
Calculate the remainder when 378 is divided by 112.
42
What is the remainder when 124687 is divided by 337?
334
Calculate the remainder when 1414 is divided by 59.
57
Calculate the remainder when 47 is divided by 41.
6
What is the remainder when 7 is divided by 5?
2
What is the remainder when 688 is divided by 116?
108
Calculate the remainder when 43 is divided by 19.
5
Calculate the remainder when 171 is divided by 25.
21
Calculate the remainder when 2346 is divided by 777.
15
Calculate the remainder when 575 is divided by 17.
14
What is the remainder when 217 is divided by 77?
63
Calculate the remainder when 12506 is divided by 68.
62
Calculate the remainder when 266 is divided by 12.
2
Calculate the remainder when 2817 is divided by 34.
29
Calculate the remainder when 1690 is divided by 36.
34
Calculate the remainder when 763 is divided by 17.
15
What is the remainder when 842 is divided by 361?
120
Calculate the remainder when 15810 is divided by 9.
6
What is the remainder when 283 is divided by 106?
71
Calculate the remainder when 224 is divided by 5.
4
What is the remainder when 8 is divided by 5?
3
Calculate the remainder when 651 is divided by 73.
67
Calculate the remainder when 18974 is divided by 69.
68
Calculate the remainder when 136 is divided by 54.
28
Calculate the remainder when 812 is divided by 3.
2
What is the remainder when 2030 is divided by 19?
16
What is the remainder when 232 is divided by 79?
74
Calculate the remainder when 392 is divided by 226.
166
Calculate the remainder when 9515 is divided by 16.
11
Calculate the remainder when 1545 is divided by 197.
166
Calculate the remainder when 185 is divided by 19.
14
Calculate the remainder when 1412 is divided by 22.
4
What is the remainder when 159 is divided by 56?
47
Calculate the remainder when 3882 is divided by 431.
3
Calculate the remainder when 895 is divided by 192.
127
Calculate the remainder when 674 is divided by 131.
19
Calculate the remainder when 644 is divided by 19.
17
What is the remainder when 1051 is divided by 62?
59
Calculate the remainder when 178 is divided by 48.
34
Calculate the remainder when 148 is divided by 19.
15
Calculate the remainder when 300 is divided by 34.
28
Calculate the remainder when 168 is divided by 146.
22
What is the remainder when 3951 is divided by 51?
24
What is the remainder when 454 is divided by 24?
22
What is the remainder when 575 is divided by 335?
240
What is the remainder when 237 is divided by 131?
106
Calculate the remainder when 935 is divided by 14.
11
What is the remainder when 324 is divided by 163?
161
What is the remainder when 1894 is divided by 15?
4
Calculate the remainder when 134 is divided by 17.
15
Calculate the remainder when 183 is divided by 60.
3
What is the remainder when 76 is divided by 19?
0
What is the remainder when 326 is divided by 15?
11
What is the remainder when 2639 is divided by 176?
175
What is the remainder when 2425 is divided by 16?
9
Calculate the remainder when 1383 is divided by 14.
11
What is the remainder when 5658 is divided by 17?
14
What is the remainder when 42 is divided by 34?
8
Calculate the remainder when 1287 is divided by 92.
91
What is the remainder when 73 is divided by 5?
3
Calculate the remainder when 12526 is divided by 27.
25
What is the remainder when 9897 is divided by 36?
33
What is the remainder when 23567 is divided by 48?
47
What is the remainder when 744 is divided by 55?
29
What is the remainder when 521 is divided by 6?
5
What is the remainder when 939 is divided by 45?
39
What is the remainder when 249 is divided by 189?
60
What is the remainder when 175 is divided by 44?
43
Calculate the remainder when 201 is divided by 37.
16
Calculate the remainder when 483 is divided by 82.
73
What is the remainder when 753 is divided by 188?
1
What is the remainder when 59 is divided by 42?
17
Calculate the remainder when 200 is divided by 69.
62
What is the remainder when 12149 is divided by 75?
74
What is the remainder when 4679 is divided by 1555?
14
Calculate the remainder when 55 is divided by 20.
15
What is the remainder when 106 is divided by 32?
10
What is the remainder when 7558 is divided by 36?
34
Calculate the remainder when 33 is divided by 9.
6
What is the remainder when 5847 is divided by 50?
47
What is the remainder when 12 is divided by 9?
3
What is the remainder when 189 is divided by 168?
21
What is the remainder when 3525 is divided by 7?
4
Calculate the remainder when 209 is divided by 54.
47
Calculate the remainder when 935 is divided by 230.
15
Calculate the remainder when 69982 is divided by 324.
322
What is the remainder when 2403 is divided by 23?
11
Calculate the remainder when 1377 is divided by 37.
8
What is the remainder when 1375 is divided by 9?
7
What is the remainder when 502 is divided by 82?
10
What is the remainder when 954 is divided by 5?
4
What is the remainder when 1466 is divided by 15?
11
What is the remainder when 2024 is divided by 27?
26
Calculate the remainder when 201 is divided by 34.
31
Calculate the remainder when 36 is divided by 22.
14
Calculate the remainder when 104 is divided by 16.
8
Calculate the remainder when 27 is divided by 4.
3
Calculate the remainder when 265 is divided by 86.
7
Calculate the remainder when 497 is divided by 56.
49
Calculate the remainder when 752 is divided by 128.
112
What is the remainder when 1017 is divided by 199?
22
Calculate the remainder when 175 is divided by 80.
15
Calculate the remainder when 131 is divided by 27.
23
What is the remainder when 432 is divided by 41?
22
Calculate the remainder when 1157 is divided by 106.
97
What is the remainder when 89 is divided by 28?
5
Calculate the remainder when 222 is divided by 14.
12
What is the remainder when 320 is divided by 14?
12
What is the remainder when 406 is divided by 184?
38
What is the remainder when 93 is divided by 51?
42
Calculate the remainder when 638 is divided by 207.
17
What is the remainder when 372 is divided by 127?
118
What is the remainder when 1186 is divided by 70?
66
Calculate the remainder when 694 is divided by 29.
27
Calculate the remainder when 48 is divided by 40.
8
What is the remainder when 70 is divided by 18?
16
What is the remainder when 282 is divided by 9?
3
Calculate the remainder when 589 is divided by 47.
25
What is the remainder when 57 is divided by 14?
1
What is the remainder when 104 is divided by 15?
14
What is the remainder when 1470 is divided by 57?
45
What is the remainder when 957 is divided by 40?
37
Calculate the remainder when 34 is divided by 14.
6
Calculate the remainder when 299 is divided by 61.
55
Calculate the remainder when 397 is divided by 25.
22
Calculate the remainder when 66 is divided by 9.
3
What is the remainder when 194 is divided by 33?
29
What is the remainder when 118 is divided by 12?
10
Calculate the remainder when 125 is divided by 16.
13
Calculate the remainder when 32 is divided by 20.
12
Calculate the remainder when 634 is divided by 53.
51
What is the remainder when 100 is divided by 41?
18
Calculate the remainder when 2078 is divided by 40.
38
Calculate the remainder when 1805 is divided by 598.
11
What is the remainder when 194 is divided by 23?
10
Calculate the remainder when 268 is divided by 88.
4
Calculate the remainder when 247 is divided by 39.
13
Calculate the remainder when 390 is divided by 141.
108
What is the remainder when 387 is divided by 109?
60
What is the remainder when 68 is divided by 37?
31
Calculate the remainder when 5543 is divided by 132.
131
Calculate the remainder when 32 is divided by 25.
7
Calculate the remainder when 670 is divided by 106.
34
Calculate the remainder when 142 is divided by 45.
7
Calculate the remainder when 289 is divided by 41.
2
What is the remainder when 19 is 